f 12150317 and 679.
97
Calculate the highest common divisor of 5712 and 4889808.
336
What is the greatest common divisor of 1331 and 183128?
11
What is the highest common divisor of 179963473 and 2378?
1189
Calculate the greatest common factor of 1190 and 232671418.
238
What is the highest common factor of 600005 and 5735?
155
Calculate the highest common factor of 2925 and 19084377.
39
What is the highest common divisor of 24511286 and 13?
1
What is the highest common divisor of 4226 and 2487605318?
4226
Calculate the greatest common factor of 47120 and 718890.
310
What is the greatest common factor of 9 and 4467258?
9
Calculate the greatest common factor of 347129599 and 93.
31
What is the greatest common factor of 3086702 and 638?
58
Calculate the highest common divisor of 5397 and 1718913.
21
What is the greatest common divisor of 3006 and 49428?
18
Calculate the highest common factor of 504 and 3098032.
56
Calculate the highest common factor of 5418 and 28110906.
774
What is the highest common divisor of 90459 and 570?
57
What is the greatest common factor of 4478419 and 44?
11
Calculate the highest common divisor of 90998 and 66086.
346
What is the highest common divisor of 3166510 and 26390?
290
What is the highest common divisor of 119 and 1004129?
7
What is the greatest common factor of 300 and 2836965?
15
What is the highest common factor of 28 and 23643109?
7
What is the highest common divisor of 104 and 7852872?
8
What is the highest common factor of 4811 and 23011013?
4811
Calculate the greatest common factor of 390683 and 37.
37
What is the greatest common divisor of 331131 and 759?
69
What is the greatest common factor of 12775259 and 161?
7
What is the greatest common divisor of 30370618 and 2330?
466
Calculate the highest common factor of 7184 and 559903.
449
What is the greatest common divisor of 343260 and 9060?
60
What is the greatest common factor of 6273882 and 54?
54
Calculate the greatest common divisor of 805386 and 87963.
807
Calculate the greatest common divisor of 198 and 580646.
22
What is the highest common factor of 54965377 and 69?
23
What is the highest common divisor of 536 and 167763712?
536
Calculate the greatest common factor of 931 and 30194192.
931
What is the highest common divisor of 35097537 and 204?
51
What is the highest common factor of 13041 and 13100409?
1449
Calculate the highest common factor of 250350 and 110744826.
10014
What is the greatest common divisor of 3540144 and 564?
12
Calculate the greatest common divisor of 271 and 553969257.
271
Calculate the highest common factor of 117418 and 1778.
14
What is the highest common divisor of 1460656848 and 24?
24
What is the highest common factor of 3713546 and 4?
2
Calculate the highest common factor of 1020180 and 868770.
1470
What is the highest common factor of 180719305 and 6045?
2015
Calculate the greatest common factor of 46364 and 166696.
268
Calculate the greatest common divisor of 13295 and 30437573.
2659
What is the highest common divisor of 10 and 188722990?
10
Calculate the greatest common factor of 40 and 231211480.
40
What is the greatest common factor of 1438 and 47661791?
719
What is the greatest common factor of 4 and 11346540?
4
Calculate the greatest common divisor of 3961839 and 1493751.
1743
Calculate the greatest common divisor of 119470438 and 388.
194
What is the greatest common factor of 468 and 71083233?
117
What is the greatest common factor of 12709465 and 3614?
139
Calculate the greatest common divisor of 565669026 and 35568.
4446
Calculate the greatest common factor of 3894209360 and 1712.
1712
What is the greatest common divisor of 50055 and 146076?
141
What is the highest common divisor of 311193 and 1690155?
639
Calculate the greatest common factor of 123778413 and 9.
9
Calculate the highest common factor of 19749 and 218718.
87
Calculate the greatest common factor of 165769294 and 2298.
766
What is the highest common divisor of 1750408 and 1133?
11
What is the greatest common factor of 168 and 21713622?
42
Calculate the greatest common divisor of 346290 and 805.
35
What is the greatest common divisor of 141186 and 26?
2
Calculate the greatest common factor of 11883940 and 3320.
1660
What is the greatest common divisor of 3817018 and 1722?
82
What is the greatest common divisor of 75954949 and 3087?
343
Calculate the highest common factor of 9706 and 2.
2
Calculate the highest common factor of 302374 and 7626.
62
Calculate the greatest common divisor of 526337 and 215509.
119
What is the greatest common divisor of 61287 and 6719343?
93
What is the greatest common divisor of 33668 and 434140?
1772
Calculate the highest common divisor of 420 and 1520624.
28
Calculate the highest common divisor of 404706 and 3774.
222
What is the greatest common factor of 182505 and 28635?
345
Calculate the greatest common factor of 452441 and 143.
11
Calculate the highest common divisor of 16 and 7067036.
4
What is the greatest common factor of 1423644 and 194618?
2666
What is the greatest common divisor of 1130278590 and 13854?
13854
Calculate the greatest common divisor of 289499 and 14.
7
Calculate the greatest common factor of 12776550 and 467400.
2850
Calculate the highest common factor of 701738 and 596.
2
What is the greatest common divisor of 84 and 2607591?
21
What is the greatest common divisor of 22690408 and 8?
8
What is the greatest common divisor of 22 and 50915?
1
Calculate the greatest common divisor of 182 and 41015429.
91
Calculate the greatest common factor of 1 and 32780027.
1
Calculate the greatest common divisor of 36 and 25749228.
12
Calculate the highest common factor of 50065 and 36918520.
2945
What is the highest common factor of 3190652 and 2195?
439
What is the highest common factor of 70357770 and 116?
58
What is the highest common divisor of 5263808 and 32736?
352
Calculate the greatest common divisor of 7126 and 25852110.
1018
Calculate the highest common factor of 80796 and 6492.
12
What is the greatest common divisor of 103221 and 197675861?
3823
Calculate the greatest common factor of 510130 and 3743270.
1390
What is the greatest common factor of 142 and 98280614?
142
Calculate the greatest common factor of 150945 and 42195.
435
What is the greatest common divisor of 49014625 and 1075?
1075
Calculate the greatest common divisor of 11494531 and 259.
37
Calculate the greatest common divisor of 4971505 and 4235.
385
Calculate the highest common factor of 60915 and 2228310.
1965
Calculate the highest common divisor of 2266056 and 65.
13
What is the greatest common divisor of 383 and 290313234?
383
Calculate the highest common factor of 48900819 and 254232.
3531
Calculate the greatest common factor of 2202816 and 158928.
3696
Calculate the highest common factor of 72688 and 191884.
308
What is the highest common divisor of 9554 and 146183?
17
Calculate the greatest common factor of 392610 and 23830.
10
What is the highest common factor of 5111133 and 20121?
57
What is the greatest common factor of 89554 and 4742?
2
Calculate the greatest common divisor of 247 and 53420723.
19
What is the greatest common factor of 8643685 and 10?
5
Calculate the highest common divisor of 1493832 and 25320.
24
What is the highest common factor of 39783 and 136704?
267
What is the greatest common factor of 530177403 and 321?
321
Calculate the greatest common factor of 2752191 and 143.
13
Calculate the greatest common factor of 809867 and 12017.
197
Calculate the greatest common divisor of 5707 and 5655.
13
What is the greatest common factor of 593298450 and 2250?
450
What is the greatest common factor of 156914 and 2278?
134
Calculate the greatest common factor of 140 and 223703536.
28
Calculate the highest common divisor of 502818 and 5973.
543
What is the greatest common divisor of 22336 and 4672?
64
Calculate the highest common factor of 84 and 15121372.
28
What is the highest common factor of 638 and 378004038?
58
What is the greatest common factor of 11400 and 73248990?
570
Calculate the greatest common divisor of 437106 and 58724.
554
What is the highest common factor of 64934958 and 198?
66
What is the greatest common factor of 3106 and 10474?
2
Calculate the greatest common divisor of 18189 and 2215016.
2021
Cal